 -19*w**3 - 26*w**2 + 12*w - 7. Let a be i(-7). Suppose -3*d - a = -4*r, -2*d - 3865 = r - 4*r. Is r a composite number?
False
Let c(y) = 6*y - 36. Let s be c(6). Suppose -2*d + 19 - 19 = s. Let b(r) = r**2 + 254. Is b(d) a composite number?
True
Let h(x) = 12*x - 45. Let o be h(5). Suppose -3*a = 3*q - 6, -a + o = 4*a. Is (-16 - -15)*(-632 - q) a composite number?
False
Let k = -842 - -4370. Let d = -70 - -75. Suppose 3*j = -4*r + d*j + 7050, -2*j = -2*r + k. Is r prime?
False
Let g be -4*12/80 - 170026/(-10). Let i = g + -3479. Is i a composite number?
False
Let n(i) be the second derivative of 12*i + 1/4*i**4 - 7/2*i**2 + 0 + 5/3*i**3. Is n(6) prime?
False
Let t = 1567 - -2368. Is t a composite number?
True
Suppose 2*u = -5*y - 14, 4*u - 6*u + 18 = -3*y. Is (-1612 - 2)*(y/8 - 0) prime?
False
Let w(l) be the first derivative of -29*l**4/2 + l**3/3 + l**2/2 - 8. Let x be w(-1). Suppose o - x = 357. Is o prime?
False
Let b = 157118 - 74929. Is b composite?
False
Let t = 297191 + -51172. Is t prime?
False
Let h = 248922 + -14963. Is h prime?
False
Let s(d) = -24*d**3 + 38*d**2 + 373*d + 69. Is s(-22) a prime number?
True
Let n(f) = f**2 - 10*f + 4. Let u be n(9). Let r be 4 - (15/u + 3). Suppose 0 = -r*j + 2*s + 12202, -9*j + 4*j + s = -15248. Is j prime?
True
Let g(a) = -a - 15. Let p be g(-13). Let u be 26480/50*(-5)/p. Suppose -13*j = -17*j + u. Is j prime?
True
Suppose 0 = -4*m + 5*m + 2, 4*w - 3*m = 162. Let x = 44 - w. Suppose -1954 = -x*r + f, r + f = -r + 783. Is r a prime number?
False
Is 21 + (-27254725)/(-225) + 2/(-18) composite?
True
Let v(k) = -3*k**3 + k**2 - 3*k + 2. Let z be v(1). Is ((-6 - 13060) + z)/(-1) a composite number?
True
Let l be 12*-5*(-1657)/15. Suppose 4*s = 0, 5*b = -5*s + l - 873. Is b a prime number?
True
Suppose 3*k - 9 = 12. Let p be 44*(2 - (21/2)/k). Let j(t) = t**2 + 27*t + 23. Is j(p) a composite number?
True
Let k(v) = 9*v + 54. Let i be k(-5). Suppose i*h - 24 + 24 = 0. Let x(q) = -q**2 + 3*q + 789. Is x(h) composite?
True
Let m(h) = -153*h**3 - 11*h**2 + 3*h + 43. Is m(-4) a composite number?
True
Suppose -84*d + 39592267 = -25*d + 84*d. Is d a composite number?
False
Suppose -738329 + 1072235 = 27*b - 929883. Is b a prime number?
True
Let r(m) = -431*m. Let o(w) = -863*w. Let y(d) = 3*o(d) - 5*r(d). Let s be y(-1). Suppose s = 7*p - 1071. Is p prime?
False
Let p = 35 - 31. Let i be 20806/p + (-9)/(-18). Suppose j - i = -3*u, 2*u + 6*j = j + 3481. Is u a composite number?
False
Is ((-37114076)/(-1314))/((-4)/(-18)) prime?
True
Suppose -41 = -o - 38. Let r = -4 + o. Let z(i) = -421*i**3 + 4*i**2 + 4*i + 1. Is z(r) a prime number?
False
Suppose -5*f - 28 = -5*j - 83, -4*f = j - 9. Let u(r) = -200*r**2 + 6*r + 1. Let x(v) = 599*v**2 - 19*v - 3. Let z(b) = j*u(b) - 2*x(b). Is z(2) a prime number?
False
Let z be (-122300)/75*(21/(-6) + 2). Suppose -609 = -5*o + z. Is o a prime number?
False
Let i(o) = o**2 - 4*o - 8. Let v be i(6). Suppose -2*z + 2*h = -628, -2*h = -v*z + 1775 - 523. Suppose 6*m = -z + 5586. Is m a composite number?
True
Let o = -456 - -461. Suppose 5*g = -o*r + 50550, 5*g + 10116 = r - 0*r. Is r a composite number?
False
Suppose -23 = 3*b + 5*n, -6*n = 2*b - 9*n + 47. Let z be 20*(20/b - -3). Suppose z*u + 1889 = 36*u. Is u a composite number?
False
Let k = 636 - 334. Let m = 244 + -55. Let v = m + k. Is v composite?
False
Suppose 0 = 4*o - 7*o - g + 4334, -2*g - 5782 = -4*o. Suppose 871 = 4*q - o. Is q composite?
True
Is (6/5)/((-36)/(-5310)) a composite number?
True
Suppose -84*v - 76045 = -4*k - 81*v, 4*k + 3*v = 76027. Is k a prime number?
True
Let o be ((-2)/(-3))/(-5 + 141/27). Let b(j) = 2*j + o*j - 2*j - 2 - 2*j**2 - 5*j**3. Is b(-3) a prime number?
False
Let y(c) = -797*c**3 + 4*c**2 + 11*c + 12. Let z be y(-2). Let q = -3179 + z. Is q prime?
True
Is 201/((-9)/(-58248)*24) a composite number?
True
Is (-470)/423 + 20082498/54 a composite number?
False
Suppose -3*u - 242188 = -5*s - 39300, u + 202886 = 5*s. Is s a prime number?
True
Suppose 1057572 = 2600*d - 2564*d. Is d a prime number?
False
Suppose -3*z + 2*t + 35549 = 0, -2*z - 3*t + 437 = -23271. Is z a composite number?
True
Let r = -4338 - -9250. Let l = r + -3410. Suppose 0 = 7*g - l - 11063. Is g prime?
False
Suppose -2*d = -4*o + 712848, -17*o + 20*o - 534654 = -3*d. Is o prime?
False
Suppose -3*s = -2*h - 45557, -2*s + 1009*h + 30373 = 1006*h. Is s composite?
True
Suppose -1895600 = -4*o - 4*p, -86 + 100 = 2*p. Is o a prime number?
False
Is (-1548361836)/(-1310) + (-14)/(-10) a composite number?
True
Let x = 31 - -2125. Let w = 3409 - x. Is w prime?
False
Let z(d) = 97*d**2 - 10*d + 12. Let t be z(5). Let h = t - 303. Suppose 2*u - 218 = h. Is u prime?
True
Suppose -r - 10 = 2*y + 14, -3*y + r - 31 = 0. Let q be y/55 - (-16)/5. Suppose 1787 + 316 = q*b. Is b a prime number?
True
Suppose w + 5*j + 2487 = -0*w, 0 = -2*j + 4. Let b = w + 3648. Is b composite?
False
Suppose -2*f = -3*x - 530465, -21*x = f - 25*x - 265235. Is f prime?
True
Let j(c) = 234*c**2 - 11*c + 810. Is j(-57) composite?
True
Suppose 4*i + 5883 = -5*g, -4074 + 528 = 3*g - 3*i. Let r = 12 - g. Is r composite?
True
Suppose -141*f + 228*f + 7596899 = 146*f. Is f composite?
False
Suppose 156338 = 2*o - 4*j, -14*o + 4*j - 156290 = -16*o. Is o composite?
False
Let s(q) = q**3 + 17*q**2 - 3. Suppose -2*j + 2*g + 10 = 0, 0*j - 35 = -4*j - g. Is s(j) a prime number?
True
Let p(a) be the third derivative of a**4/2 - 11*a**3/6 + a**2 + 18*a. Let z = 2 + 7. Is p(z) prime?
True
Suppose -2*o + 3*j = 2*o - 5161013, 5*j = 2*o - 2580489. Is o a composite number?
False
Suppose -6*c + 45 + 57 = 0. Suppose -20*v + c*v = -11451. Is v prime?
False
Let w = 117 - 81. Suppose -6*c = -0*c - w. Is c/(-12)*(-2404 + -2) a prime number?
False
Let h = -35120 + 97581. Is h composite?
True
Let x be (-11177)/6 + 2/(-12). Let i = x + 20722. Is i a prime number?
True
Let n(v) = 63*v**2 + 30*v + 82. Let m be n(-24). Let k = 51659 - m. Is k composite?
True
Let i(a) = a**2 - 13. Let t be (-4)/(-12)*(-75)/(-5). Suppose 8*y - t*y - 18 = 0. Is i(y) a prime number?
True
Suppose 18*c - 3451356 = 2983914. Is c a prime number?
False
Let h be (-14)/(-4)*2 + 3. Let l = h + 3. Suppose -14*f + 1507 = -l*f. Is f a composite number?
True
Let l = 62 - 59. Suppose 0 = -l*c - a + 13 + 1, 2 = a. Suppose b = z - 373, 393 = -3*z + c*z + 4*b. Is z a composite number?
True
Suppose -2976 = 2*c - 18228. Is (25/20 - (-1)/(-4)) + c a prime number?
False
Suppose z + 2*z - 100098 = -3*r, -z = -4*r - 33361. Is z a composite number?
True
Suppose 4*w + 4*t = 184, 2*w - 4*t = -58 + 150. Let x(r) = -10 - r - 4*r + w*r**2 - 3. Is x(-4) composite?
False
Let m = -69201 - -175462. Is m a prime number?
True
Suppose 0 = -11*a + 11527238 + 1327109. Is a composite?
True
Suppose 4*x + 2*f + 218 = 2182, -3*x = -2*f - 1487. Is x a prime number?
False
Suppose -t - 3765 = h, 5*t - 308 - 3475 = h. Let o be h + -1*(2 - 6). Let n = o - -5347. Is n prime?
True
Suppose -34*v + 2562271 = -170887. Is v a composite number?
False
Let j(h) = h + 4. Let x be j(-4). Suppose 0 = 5*l + b - 624, x = l - 2*b + b - 126. Let a = l - 72. Is a composite?
False
Let o be (39/(-4))/(591/600 + -1). Suppose -o = -2*q + 1164. Is q a prime number?
True
Let i(o) = 2*o**2 + 11*o - 1. Let b be i(-6). Suppose 2*s + 2*s - 14 = -b*f, 2*s = -4*f + 16. Suppose 1124 = -f*l + 3458. Is l a prime number?
True
Let k = -37 - -39. Suppose 5317 = 3*n - m, 2*m - 1 = 3*m. Suppose -k*h + n = -1394. Is h a composite number?
False
Let w = 108 - 94. Suppose -w*i + 36155 = -76587. Is i composite?
False
Let u = -405 + 431. Let p(d) = 321*d + 73. Is p(u) composite?
False
Let y(h) be the third derivative of h**5/10 + 4*h**3/3 + h**2. Let s = 3031 - 3050. Is y(s) a composite number?
True
Is 42/9*(-12116655)/(-90) a composite number?
True
Let t = 130 - 130. Suppose 3*m - 41129 + 10136 = t. Is m a composite number?
False
Let f be 7938 - (-12 + -4 + 9). Let l = f - 576. Is l a prime number?
True
Let f(v) be the first derivative of 2*v**3/3 + 5*v**2/2 - 19*v + 8. Suppose h = -4*y + 3*y + 8, 0 = -y + h + 16. Is f(y) a prime number?
False
Let f(u) = 14*u**3 + 20*u**2 - 6*u + 14. Let m be f(-14). Is (m/24 + 1)*-4 a prime number?
False
Let c(d) = -256*d**3 - 6*d**2 - 28*d - 7. Let l be c(-4).